{"id":405,"date":"2018-01-04T12:35:05","date_gmt":"2018-01-04T11:35:05","guid":{"rendered":"http:\/\/lebbcomptoir.be\/?page_id=405"},"modified":"2022-03-22T14:32:39","modified_gmt":"2022-03-22T13:32:39","slug":"epice","status":"publish","type":"page","link":"https:\/\/lebbcomptoir.be\/index.php\/epice\/","title":{"rendered":"Nos \u00c9pices"},"content":{"rendered":"\n<blockquote class=\"wp-block-quote is-layout-flow wp-block-quote-is-layout-flow\"><p><strong><em>Vous \u00eates les bienvenus avec vos bo\u00eetes et bocaux. <\/em><\/strong><\/p><p><strong><em>Nous avons aussi des sachets papiers et bocaux de r\u00e9cup&rsquo; en magasin <\/em><\/strong>&#x267b;&#x263a;&#xfe0f;<\/p><\/blockquote>\n\n\n\n<figure class=\"wp-block-image size-large\"><img loading=\"lazy\" decoding=\"async\" width=\"1024\" height=\"872\" src=\"https:\/\/lebbcomptoir.be\/wp-content\/uploads\/2022\/03\/Liste-epices-OK-1-1024x872.png\" alt=\"\" class=\"wp-image-1527\" srcset=\"https:\/\/lebbcomptoir.be\/wp-content\/uploads\/2022\/03\/Liste-epices-OK-1-1024x872.png 1024w, https:\/\/lebbcomptoir.be\/wp-content\/uploads\/2022\/03\/Liste-epices-OK-1-300x256.png 300w, https:\/\/lebbcomptoir.be\/wp-content\/uploads\/2022\/03\/Liste-epices-OK-1-768x654.png 768w, https:\/\/lebbcomptoir.be\/wp-content\/uploads\/2022\/03\/Liste-epices-OK-1-1536x1308.png 1536w, https:\/\/lebbcomptoir.be\/wp-content\/uploads\/2022\/03\/Liste-epices-OK-1-2048x1744.png 2048w, https:\/\/lebbcomptoir.be\/wp-content\/uploads\/2022\/03\/Liste-epices-OK-1-600x511.png 600w\" sizes=\"auto, (max-width: 1024px) 100vw, 1024px\" \/><\/figure>\n\n\n\n<figure class=\"wp-block-image size-large\"><img loading=\"lazy\" decoding=\"async\" width=\"1024\" height=\"833\" src=\"https:\/\/lebbcomptoir.be\/wp-content\/uploads\/2022\/03\/liste-sachets-1-1024x833.png\" alt=\"\" class=\"wp-image-1535\" srcset=\"https:\/\/lebbcomptoir.be\/wp-content\/uploads\/2022\/03\/liste-sachets-1-1024x833.png 1024w, https:\/\/lebbcomptoir.be\/wp-content\/uploads\/2022\/03\/liste-sachets-1-300x244.png 300w, https:\/\/lebbcomptoir.be\/wp-content\/uploads\/2022\/03\/liste-sachets-1-768x625.png 768w, https:\/\/lebbcomptoir.be\/wp-content\/uploads\/2022\/03\/liste-sachets-1-1536x1250.png 1536w, https:\/\/lebbcomptoir.be\/wp-content\/uploads\/2022\/03\/liste-sachets-1-2048x1667.png 2048w, https:\/\/lebbcomptoir.be\/wp-content\/uploads\/2022\/03\/liste-sachets-1-600x488.png 600w\" sizes=\"auto, (max-width: 1024px) 100vw, 1024px\" \/><\/figure>\n","protected":false},"excerpt":{"rendered":"<p>Vous \u00eates les bienvenus avec vos bo\u00eetes et bocaux. Nous avons aussi des sachets papiers et bocaux de r\u00e9cup&rsquo; en magasin &#x267b;&#x263a;&#xfe0f;<\/p>\n","protected":false},"author":2,"featured_media":0,"parent":0,"menu_order":0,"comment_status":"closed","ping_status":"closed","template":"","meta":{"_mi_skip_tracking":false,"footnotes":""},"class_list":["post-405","page","type-page","status-publish","hentry"],"_links":{"self":[{"href":"https:\/\/lebbcomptoir.be\/index.php\/wp-json\/wp\/v2\/pages\/405","targetHints":{"allow":["GET"]}}],"collection":[{"href":"https:\/\/lebbcomptoir.be\/index.php\/wp-json\/wp\/v2\/pages"}],"about":[{"href":"https:\/\/lebbcomptoir.be\/index.php\/wp-json\/wp\/v2\/types\/page"}],"author":[{"embeddable":true,"href":"https:\/\/lebbcomptoir.be\/index.php\/wp-json\/wp\/v2\/users\/2"}],"replies":[{"embeddable":true,"href":"https:\/\/lebbcomptoir.be\/index.php\/wp-json\/wp\/v2\/comments?post=405"}],"version-history":[{"count":29,"href":"https:\/\/lebbcomptoir.be\/index.php\/wp-json\/wp\/v2\/pages\/405\/revisions"}],"predecessor-version":[{"id":1536,"href":"https:\/\/lebbcomptoir.be\/index.php\/wp-json\/wp\/v2\/pages\/405\/revisions\/1536"}],"wp:attachment":[{"href":"https:\/\/lebbcomptoir.be\/index.php\/wp-json\/wp\/v2\/media?parent=405"}],"curies":[{"name":"wp","href":"https:\/\/api.w.org\/{rel}","templated":true}]}}